 of n and x?
16
Let c(b) = b**3 - 3*b**2 - 3*b + 5. Let i be c(4). Let u(w) = -8*w**2 + w. Let m be u(-1). Let y be (-11 + 4/2)*m. What is the highest common factor of i and y?
9
Let g(z) = 3*z + 17. Let i be g(-5). Calculate the greatest common divisor of 118 and i.
2
Let q be 1/6*-43*-6. What is the greatest common divisor of q and 817?
43
Let f be ((-4)/(-6))/(7/84). Let o = -6 + 2. Let s = 5 + o. Calculate the highest common divisor of f and s.
1
Let b be 20/15*6 + 4. Let h be 128/b*15/2. Suppose 2*s = -0*s + 2, -5*v + h = 5*s. Calculate the highest common divisor of 3 and v.
3
Let s(z) = 8*z**2 - 11*z - 75. Let k be s(-5). What is the highest common factor of k and 72?
36
Let m(o) = 3*o**2 - 6*o**2 - 6*o + 3*o**2 - o**2. Let c be m(-2). Calculate the greatest common divisor of 20 and c.
4
Suppose 188*r = 193*r - 250. What is the highest common divisor of 475 and r?
25
Let c(q) = 3*q**2 - 20*q + 6. Let f(k) = -4*k**2 + 20*k - 6. Let g(h) = 6*c(h) + 5*f(h). Let t be g(-9). Calculate the greatest common divisor of 8 and t.
8
Let m be 14 + 2 - 10 - 38*-1. Calculate the greatest common divisor of m and 99.
11
Let i be (-4)/34 + (-403968)/(-408). What is the highest common divisor of 220 and i?
110
Let y(z) = -2*z**2 - 89*z + 218. Let d be y(-46). Calculate the highest common factor of d and 16.
16
Suppose 236 - 1412 = 14*z. Let p be (-1 - 20)*56/z. What is the greatest common factor of 28 and p?
14
Let i(x) = -5*x + 182. Let j be i(27). Calculate the greatest common divisor of 517 and j.
47
Suppose -4*o = -195 - 165. Calculate the highest common divisor of 27 and o.
9
Suppose -33 = 25*l - 28*l. What is the highest common factor of l and 4?
1
Suppose 4*w - 115 = -3*n, 2*n - 284 = 4*w - 234. Calculate the greatest common factor of 27 and n.
3
Let o = 15 + 0. Let s be 3 - (o/(-3) + 4). Suppose 5*h + s*n - 1174 = -0*n, 0 = -5*h + n + 1169. What is the greatest common factor of h and 26?
26
Let o = 59 - 27. Let z = -29 + o. What is the greatest common divisor of z and 12?
3
Suppose 3*r - 2 = 13. Let j be ((-24)/(-32))/(14/(-16) + 1). Suppose -5 = -r*d - 5*k, 5*d - 5*k - 51 + j = 0. Calculate the greatest common factor of d and 2.
1
Suppose 146 = -22*l + 2918. What is the greatest common divisor of 28 and l?
14
Let z(m) = -34*m - 2. Let a be z(-5). Suppose 5*t + 2*o - a = 0, t = -4*o - o + 29. Let k = t - 7. What is the greatest common factor of k and 27?
27
Let x = -27 + 55. Let i = 42 + -28. Calculate the greatest common factor of x and i.
14
Let g = 151 - 149. Suppose 2*x - 4*h = -g*x + 340, x + h = 75. What is the greatest common factor of 60 and x?
20
Let f be (-444)/(-30) - 8/(-40). Let q = -2 + 167. What is the highest common divisor of q and f?
15
Let o be 2 - (-3 - -7 - 68). Let q be -8*(-2)/12*o. What is the greatest common divisor of q and 8?
8
Suppose -5*g = 2*l - 120, -20 = -2*l + 6*l. Suppose -183 + 66 = -3*y. Calculate the greatest common factor of g and y.
13
Suppose 0 + 2 = 2*v. Let q be (((-3)/(-6))/((-2)/(-32)))/v. What is the greatest common factor of 24 and q?
8
Let p(f) = -2*f**3 - 3*f**2 + 8*f - 5. Let b be p(-4). What is the greatest common factor of 688 and b?
43
Suppose 26*l - 9*l - 85 = 0. Calculate the highest common divisor of 9 and l.
1
Let z = 5 + 4. Suppose -5*l = -z*l + 36. Suppose 4*o - l = 7. What is the highest common divisor of 16 and o?
4
Let s be (-73 + 72)/((-1)/5). What is the greatest common divisor of s and 245?
5
Suppose 0 = 5*v - 447 + 7. Let p be 0*6/(-30) - -11. Calculate the highest common factor of v and p.
11
Suppose -1021 + 373 = -12*k. What is the highest common factor of k and 729?
27
Suppose 0 = z - 19 - 11. Let u(a) be the first derivative of 119*a**3/3 + 3*a**2/2 - 2*a + 1. Let q be u(1). Calculate the greatest common factor of z and q.
30
Let i(m) = -3*m**2 + 66*m + 5. Let v be i(11). Calculate the greatest common divisor of 16 and v.
16
Let h be (-16)/(-4) - 7/21*0. What is the highest common factor of h and 7?
1
Let m be 1/((5 - 8)*1/(-15)). Suppose m*w - 5*y = -y + 359, -4*w - 3*y = -312. What is the highest common divisor of w and 100?
25
Let l = 2015 + -1783. What is the greatest common factor of 87 and l?
29
Suppose 59*c - 6 = 57*c. Calculate the greatest common factor of c and 39.
3
Let j be ((-441)/(-12) - 5) + (-1)/(-4). Let d = -36 - -52. Calculate the greatest common divisor of d and j.
16
Let o = 458 + -452. Let j(c) = -c - 3. Let z be j(-5). Calculate the greatest common divisor of z and o.
2
Let k = -118 + 154. What is the greatest common divisor of 60 and k?
12
Let l be ((-4)/(40/(-15)))/((-6)/(-64)). Let b be (0 - 10)/((-2)/l). Calculate the greatest common factor of b and 20.
20
Suppose -9*f = -4*f - 15. Let s be 28/5 - 9/15. Suppose 0 = s*a - 5*y - 50, a + 4*y = -a - 4. Calculate the highest common divisor of a and f.
3
Suppose -28*c + 1600 = 4*c. What is the greatest common factor of c and 750?
50
Suppose 2*b = f - 9, -5*f - 5*b + 21 = 6. Suppose -f*q + 24 = -46. What is the highest common divisor of q and 56?
14
Let u(b) = b**2 + 2*b + 2. Let x be u(0). Suppose 3*p - 19 + 4 = 0. Suppose 27 = p*k - x*k. What is the highest common divisor of k and 9?
9
Suppose -711 - 258 = -3*c. Suppose -g + c = 4*n, 7*g - 4*g - 4*n = 953. What is the greatest common factor of 29 and g?
29
Suppose -p = -3*p + 2. Let c be (-12)/(-54) - 115/(-9). Suppose c = 7*j - 22. Calculate the greatest common divisor of j and p.
1
Let v = -21 + -55. Let m be -2*(v/(-8))/1. Let u be 0 - 16/4 - m. What is the highest common divisor of u and 135?
15
Suppose 12*c = 13*c - 1504. Calculate the greatest common factor of 94 and c.
94
Let v = 105 - 66. Let o = v + -3. What is the greatest common factor of o and 9?
9
Let a(j) = 8*j - 13. Let m(b) = 7*b - 12. Let h(p) = -4*a(p) + 5*m(p). Let v be h(8). Calculate the greatest common factor of 144 and v.
16
Suppose -4*v - 5*h = -3*v - 31, -140 = -4*v - 4*h. Calculate the greatest common factor of 180 and v.
36
Suppose -s - 142 + 233 = 0. Let f be (-2 - -1)/(-1 - -2). Let m = f + 14. Calculate the greatest common factor of m and s.
13
Suppose -3*p + 639 = 3*z, -8*z = 4*p - 9*z - 837. Calculate the greatest common divisor of 336 and p.
42
Suppose 3*v - 1 - 38 = 3*w, 0 = -w + 3. Let b = -13 - 26. Let a = b + 55. What is the highest common factor of a and v?
16
Let l be ((-1 + 0)/1)/((-13)/39). Suppose -4*p + 0*m + 1265 = l*m, -3*m - 335 = -p. What is the greatest common divisor of p and 40?
40
Let h(x) = x**3 - 17*x**2 + 30*x + 12. Let p be h(15). Calculate the highest common factor of 90 and p.
6
Let t(f) = -7*f - 9. Let q be t(-6). Let n = q - -39. Suppose 5*o - 8 = n. Calculate the greatest common divisor of o and 64.
16
Suppose 3*s - s - 3*u - 18 = 0, 5 = 3*s + u. Suppose 5*y = 5*g - 25, 0 = 3*g - 2*y - 14 + s. Calculate the greatest common factor of 7 and g.
1
Suppose -z + 360 = 3*z. Let r = 13 - 10. Suppose n + r*s - 13 = 17, 5*n - 182 = s. What is the highest common divisor of z and n?
18
Suppose -3*p = 3*c - 15, -5*c + p - 5 + 30 = 0. Suppose -3*s = -c*s + 36. What is the highest common factor of 180 and s?
18
Let y(b) = -43*b - 87. Let s be y(-21). What is the greatest common divisor of s and 48?
48
Let c be 1364/99 + ((-75)/27 - -3). Calculate the greatest common factor of 112 and c.
14
Let t(j) = j - 12. Let n be t(11). Let u be 533/65 - n/(-5). What is the greatest common factor of 12 and u?
4
Let x(c) = 5*c**2 + 14*c + 16. Let a be x(-8). What is the greatest common divisor of a and 32?
32
Suppose 4*y - 88 - 92 = 0. Let w be (-24)/10*3/(y/(-50)). Calculate the highest common factor of w and 8.
8
Let b = 1024 - 859. What is the highest common factor of 231 and b?
33
Let b be (-69)/115 - 18/(-5). What is the greatest common factor of b and 3?
3
Suppose -6*u = 7*u - 897. Let z = u - 66. Suppose -o + 2*w = 4*o - 28, 2*o - 4*w - 8 = 0. What is the greatest common factor of o and z?
3
Let u be 2*(-9)/6*5. Let t = 32 + u. Suppose 5*a = t + 208. What is the greatest common factor of 30 and a?
15
Suppose 0*j = -4*c + 4*j - 2024, 0 = -3*c - 4*j - 1518. Let f = -330 - c. Let x = 14 + 8. What is the greatest common divisor of f and x?
22
Suppose 5*b - 212 - 328 = 0. Calculate the highest common divisor of 72 and b.
36
Let g be (-45)/(-9) + (25 - 0). Calculate the hi